 Determine a(5).
86
Let q(m) = -m**3 + 16*m**2 + 25*m - 17. What is q(17)?
119
Let u(v) = -11*v**2 + 43*v - 11. Calculate u(5).
-71
Let m(o) = 2*o**2 - 143*o + 203. What is m(70)?
-7
Let u(a) = -124*a**2 - 111*a + 1. Give u(-1).
-12
Let v(r) = -r**2 - 42*r + 295. Determine v(-48).
7
Let r(w) = 3117*w - 15568. Determine r(5).
17
Let b(i) = -20*i**3 - 7*i**2 - 35*i - 66. What is b(-2)?
136
Let p(j) = -2*j**3 - 23*j**2 - 15*j - 39. Calculate p(-11).
5
Let p(j) = -j**3 + 8*j**2 - 8*j + 2. What is p(5)?
37
Let f(d) = 63*d + 10454. What is f(-166)?
-4
Let f(l) = -8*l**2 + 102*l - 76. Determine f(12).
-4
Let j(c) = c**3 - 105*c**2 - 434*c - 231. Calculate j(109).
-13
Let j(o) = 190*o + 1953. Determine j(-10).
53
Let b(p) = -p**2 + 31*p + 5619. What is b(-61)?
7
Let h(q) = 3*q**2 - 13*q - 21. What is h(6)?
9
Let w(a) = 2638*a + 10429. Determine w(-4).
-123
Let g(o) = -21*o + 113. Determine g(10).
-97
Let l(t) = -538*t + 3759. Determine l(7).
-7
Let d(c) = -47*c + 1512. Determine d(29).
149
Let x(i) = i**3 - 21*i**2 + 69*i - 19. Determine x(17).
-2
Let h(l) = 15*l**2 + 69*l + 13. Determine h(-4).
-23
Let u(z) = z**2 - 7*z - 94. Give u(-7).
4
Let p(q) = q**3 - 48*q**2 - 279*q + 724. Give p(53).
-18
Let s(y) = y**3 + 4*y**2 + 53*y + 557. Determine s(-7).
39
Let y(t) = 5*t - 116. What is y(27)?
19
Let h(o) = -246*o - 1726. What is h(-7)?
-4
Let o(f) = f**3 - 20*f**2 - 212*f + 579. Determine o(27).
-42
Let k(o) = 402*o + 3675. Calculate k(-9).
57
Let l(j) = j**2 + 14*j + 101. Calculate l(-8).
53
Let v(w) = -12*w**2 - 1380*w + 25. What is v(-115)?
25
Let c(w) = w**2 - 55*w + 559. What is c(42)?
13
Let y(j) = 40*j - 47. Give y(-3).
-167
Let c(j) = 36*j + 82. Determine c(0).
82
Let v(b) = -14*b - 64. What is v(-4)?
-8
Let s(a) = 2*a**3 - 22*a**2 + 42*a - 363. Determine s(11).
99
Let k(b) = -b**3 - 13*b**2 - 37*b. Give k(-7).
-35
Let v(y) = y**3 + 43*y**2 + 79*y - 43. Determine v(-41).
80
Let g(a) = 7*a**3 - 5*a**2 - 7*a + 18. What is g(3)?
141
Let y(z) = z**2 + 298*z - 2800. Calculate y(9).
-37
Let i(q) = -q**2 - 411*q + 5080. What is i(12)?
4
Let x(t) = t**2 + 18*t - 4. Determine x(6).
140
Let f(r) = -7*r - 7. Determine f(-4).
21
Let o(g) = -g**3 - 43*g**2 - 391*g - 4. Calculate o(-30).
26
Let x(o) = -o**3 + 21*o**2 - 4*o + 82. Determine x(21).
-2
Let u(a) = a**3 + 3*a**2 - 35*a - 73. Calculate u(-2).
1
Let l(i) = 4851*i - 465688. Give l(96).
8
Let j(n) = -n**3 - 7*n**2 - 2*n - 1. Calculate j(-1).
-5
Let r(l) = -l**2 - 4*l + 50. Calculate r(-9).
5
Let t(u) = 22*u**3 - 11814*u**2 + 6*u - 3220. Calculate t(537).
2
Let s(j) = -39*j - 1598. Determine s(-39).
-77
Let i(a) = -347*a - 1340. What is i(-4)?
48
Let b(f) = 2*f**2 - 86*f - 427. Determine b(-5).
53
Let f(x) = -161*x**2 - 972*x - 41. What is f(-6)?
-5
Let r(m) = 2*m**3 + 3*m**2 - 9*m + 25. Give r(0).
25
Let l(s) = -5*s**2 - 36*s + 61. Give l(-8).
29
Let p(v) = v**2 + 39*v + 136. Give p(-33).
-62
Let d(q) = -q**2 - 240*q + 711. What is d(3)?
-18
Let k(s) = -12*s + 111. Give k(7).
27
Let k(v) = 22*v + 651. Calculate k(10).
871
Let t(b) = 17*b + 236. Give t(-16).
-36
Let k(f) = 29*f + 149. Calculate k(-7).
-54
Let c(a) = a**3 - 132*a**2 + 246*a + 1817. Calculate c(130).
-3
Let k(t) = 2*t**3 + 18*t**2 + 8*t - 14. Give k(-9).
-86
Let b(j) = 4793*j + 14385. Give b(-3).
6
Let s(p) = 4556*p - 54668. Give s(12).
4
Let w(k) = -2*k**2 + 83*k - 828. Calculate w(17).
5
Let d(h) = 11*h - 1719. What is d(13)?
-1576
Let f(z) = 2*z**2 - 62*z + 757. What is f(13)?
289
Let m(x) = 48*x - 3511. Calculate m(73).
-7
Let o(f) = -2*f**2 + 71*f + 337. What is o(-4)?
21
Let f(a) = 2*a**2 - 212*a + 5326. Give f(40).
46
Let s(v) = 2*v**3 + 4*v**2 - 27*v + 7. What is s(3)?
16
Let y(k) = 12*k**2 + 230*k + 56. What is y(-19)?
18
Let b(d) = 966*d - 21223. What is b(22)?
29
Let n(t) = -t**3 + 18*t**2 + 91*t - 67. Calculate n(22).
-1
Let o(h) = 39*h + 290. Determine o(-7).
17
Let j(a) = -3124*a - 9363. Calculate j(-3).
9
Let g(y) = 4*y**3 - 325*y**2 + 87*y - 484. Determine g(81).
2
Let v(s) = s**3 + 7*s**2 + 14*s + 7. Determine v(-2).
-1
Let w(i) = -2*i**3 + 123*i**2 + 52*i + 624. Determine w(62).
4
Let y(q) = -q**3 + 55*q**2 - 293*q - 61. What is y(49)?
-12
Let q(t) = -52*t**2 - 573*t - 17. Determine q(-11).
-6
Let v(y) = 397*y + 36520. Determine v(-92).
-4
Let w(k) = 101*k**2 + 1211*k - 25. Calculate w(-12).
-13
Let f(b) = -10*b**3 + 26*b**2 + 11*b - 6. Determine f(4).
-186
Let x(o) = 947*o - 3857. Determine x(4).
-69
Let n(s) = 14*s**3 + 113*s**2 + 12*s + 30. What is n(-8)?
-2
Let p(y) = -y**3 - 12*y**2 - 13*y + 64. Calculate p(-8).
-88
Let j(t) = t**3 + t - 237. Determine j(0).
-237
Let j(l) = -3*l**2 + 135*l - 1404. Determine j(16).
-12
Let f(x) = 2*x + 8. Calculate f(9).
26
Let y(j) = 15*j - 316. What is y(26)?
74
Let x(i) = -i**3 - 11*i**2 + 34*i + 6. Calculate x(6).
-402
Let y(a) = a**3 + 5*a**2 + 2*a - 12. Give y(-6).
-60
Let r(a) = -5*a**2 + 551*a + 1678. Determine r(-3).
-20
Let f(a) = -14*a**2 + 423*a - 91. Give f(30).
-1
Let q(v) = -v**3 + 15*v**2 - 20*v - 90. What is q(4)?
6
Let s(j) = 127*j - 3. Calculate s(-1).
-130
Let i(g) = 80*g - 2236. What is i(28)?
4
Let t(w) = -w**3 + 32*w**2 + w - 111. Determine t(32).
-79
Let o(q) = -3*q**3 + 14*q**2 + q + 66. Determine o(7).
-270
Let r(h) = h**3 - 27*h**2 - 255*h + 1883. What is r(33)?
2
Let k(j) = -29*j + 3300. Give k(109).
139
Let a(m) = 5*m**2 + 329*m + 260. Give a(-65).
0
Let t(p) = -3*p**2 - 34*p - 112. Give t(-8).
-32
Let g(n) = -359*n + 22976. Determine g(64).
0
Let k(m) = -m**3 - 8*m**2 - 23*m - 290. What is k(-9)?
-2
Let r(f) = -3*f**2 - 4*f - 87. Determine r(10).
-427
Let z(k) = 191*k**2 + 164*k - 35. Calculate z(-1).
-8
Let p(o) = 2*o**2 - 56*o + 182. Determine p(24).
-10
Let v(w) = -2*w - 95. What is v(-8)?
-79
Let p(k) = -2*k**2 + 8*k - 64. Determine p(8).
-128
Let r(j) = j**3 + 10*j**2 - 25*j + 1. Calculate r(-13).
-181
Let i(s) = -12*s - 679. What is i(-60)?
41
Let a(m) = -45*m - 238. Determine a(-5).
-13
Let w(d) = 8*d - 181. What is w(-2)?
-197
Let g(q) = -q**3 - 27*q**2 - 71*q - 474. Calculate g(-25).
51
Let b(a) = -a**3 + 15*a**2 - 20*a + 8. What is b(6)?
212
Let z(y) = 82*y - 871. Give z(10).
-51
Let a(z) = -2*z**3 + 56*z**2 + 53*z - 46. What is a(29)?
-191
Let t(k) = 46*k - 152. Determine t(4).
32
Let l(d) = -5*d**2 - 441*d - 6630. What is l(-69)?
-6
Let b(d) = -94*d + 88. Calculate b(1).
-6
Let r(y) = y**2 - 42*y + 393. Give r(27).
-12
Let g(b) = -b**3 - 12*b**2 + 583*b - 183. Calculate g(-31).
3
Let c(k) = 2*k**2 + 25*k - 79. What is c(-18)?
119
Let l(h) = -56*h + 5377. What is l(96)?
1
Let w(q) = 1722*q + 1722. Determine w(-1).
0
Let m(s) = -6*s**2 - 164*s - 1039. Calculate m(-10).
1
Let d(b) = -14553*b - 72760. Determine d(-5).
5
Let d(b) = -b**2 - 92*b - 578. What is d(-85)?
17
Let a(l) = l**3 - 24*l**2 + 87*l - 19. Determine a(7).
-243
Let k(z) = -z**2 + 125. Calculate k(28).
-659
Let u(r) = 5*r + 367. What is u(7)?
402
Let b(k) = k**3 - 4*k**2 - 83*k - 156. What is b(12)?
0
Let s(d) = 2*d**3 + 9*d**2 - d - 7. Determine s(-6).
-109
Let c(w) = 2*w**3 - 68*w**2 - 86*w + 70. Calculate c(35).
-490
Let d(c) = -24*c - 934. Determine d(-39).
2
Let m(h) = h**3 - 7*h**2 - 6*h + 47. Calculate m(6).
-25
Let n(g) = -12*g**2 - 2*g + 12. Determine n(2).
-40
Let i(l) = l**3 - 7*l**2 - 15*l - 111. Determine i(9).
-84
Let q(w) = -w**3 - 3*w**2 + 101*w - 286. What is q(7)?
-69
Let x(z) = z**3 - 8*z**2 - 58*z + 369. Give x(6).
-51
Let y(g) = -60*g + 1267. What is y(21)?
7
Let c(q) = q**3 + 26*q**2 - 228*q - 7. What is c(7)?
14
Let c(j) = 363*j + 1811. Determine c(-5).
-4
Let n(v) = 992*v - 1980. What is n(2)?
4
Let h(s) = -s**2 - 316*s + 3626. Calculate h(11).
29
Let r(c) = 7*c**3 - 114*c**2 + 3*c + 367. What is r(16)?
-97
Let l(n) = 40*n**2 - 7*n + 1. Calculate l(-1).
48
Let i(x) = -64*x + 915. What is i(13)?
83
Let o(w) = 7*w + 391. Determine o(-38).
125
Let u(z) = 2*z**2 - 38*z - 445. What is u(-9)?
59
Let i(q) = q**3 - 18*q**2 - 24*q + 24. What is i(20)?
344
Let g(s) = 1065*s - 7531. Determine g(7).
-76
Let q(z) = 4*z**3 + 101*z**2 - 311*z - 81. What is q(-28)?
3
Let v(m) = 147*m**2 + 16*m + 5. Give v(1).
168
Let a(x) = -2*x**2 + 8*x - 4. What is a(4)?
-4
Let c(z) = z**3 + 7*z**2 + 33. Determine c(-8).
-31
Let b(i) = 1125*i - 3345. Calculate b(3).
30
Let t(v) = -v